{"id":104,"date":"2026-02-08T18:00:27","date_gmt":"2026-02-08T17:00:27","guid":{"rendered":"https:\/\/jcpe76.fr\/boutique\/?page_id=104"},"modified":"2026-02-08T18:30:07","modified_gmt":"2026-02-08T17:30:07","slug":"conditions-generales-de-vente-cgv-du-judo-club-u-plateau-est-jcpe76","status":"publish","type":"page","link":"https:\/\/jcpe76.fr\/boutique\/conditions-generales-de-vente-cgv-du-judo-club-u-plateau-est-jcpe76\/","title":{"rendered":"Conditions G\u00e9n\u00e9rales de Vente (CGV)"},"content":{"rendered":"<h2 data-start=\"431\" data-end=\"451\">Article 1 \u2013 Objet<\/h2>\n<p data-start=\"453\" data-end=\"730\">Les pr\u00e9sentes Conditions G\u00e9n\u00e9rales de Vente (ci-apr\u00e8s \u00ab CGV \u00bb) r\u00e9gissent les ventes de produits et\/ou services r\u00e9alis\u00e9es via le site internet de l\u2019Association de Judo \u00ab\u00a0JUDO CLUB DU PLATEAU EST (JCPE76)\u00a0\u00bb aupr\u00e8s de clients consommateurs ou non-professionnels, au sens du droit fran\u00e7ais.<\/p>\n<p data-start=\"732\" data-end=\"820\">Toute commande pass\u00e9e sur le site implique l\u2019acceptation sans r\u00e9serve des pr\u00e9sentes CGV.<\/p>\n<hr data-start=\"822\" data-end=\"825\" \/>\n<h2 data-start=\"827\" data-end=\"861\">Article 2 \u2013 Identit\u00e9 du vendeur<\/h2>\n<p data-start=\"863\" data-end=\"957\">Le vendeur est une <strong data-start=\"882\" data-end=\"906\">association loi 1901<\/strong>, d\u00e9clar\u00e9e conform\u00e9ment \u00e0 la l\u00e9gislation fran\u00e7aise.<\/p>\n<p data-start=\"959\" data-end=\"1070\">Les informations l\u00e9gales compl\u00e8tes de l\u2019Association sont disponibles dans la page <strong data-start=\"1041\" data-end=\"1061\">Mentions l\u00e9gales<\/strong> du site.<\/p>\n<hr data-start=\"1072\" data-end=\"1075\" \/>\n<h2 data-start=\"1077\" data-end=\"1112\">Article 3 \u2013 Produits et services<\/h2>\n<p data-start=\"1114\" data-end=\"1235\">Les produits et services propos\u00e9s \u00e0 la vente sont ceux figurant sur le site au jour de la consultation par l\u2019utilisateur.<\/p>\n<p data-start=\"1237\" data-end=\"1268\">Ils peuvent inclure notamment :<\/p>\n<ul data-start=\"1269\" data-end=\"1395\">\n<li data-start=\"1269\" data-end=\"1304\">\n<p data-start=\"1271\" data-end=\"1304\">\u00e9quipements et articles de Judo ;<\/p>\n<\/li>\n<li data-start=\"1305\" data-end=\"1332\">\n<p data-start=\"1307\" data-end=\"1332\">textiles et accessoires ;<\/p>\n<\/li>\n<li data-start=\"1333\" data-end=\"1395\">\n<p data-start=\"1335\" data-end=\"1395\">prestations ou services li\u00e9s aux activit\u00e9s de l\u2019Association.<\/p>\n<\/li>\n<\/ul>\n<p data-start=\"1397\" data-end=\"1515\">Chaque produit fait l\u2019objet d\u2019une description aussi pr\u00e9cise que possible.<br data-start=\"1470\" data-end=\"1473\" \/>Les photographies sont non contractuelles.<\/p>\n<hr data-start=\"1517\" data-end=\"1520\" \/>\n<h2 data-start=\"1522\" data-end=\"1541\">Article 4 \u2013 Prix<\/h2>\n<p data-start=\"1543\" data-end=\"1657\">Les prix sont indiqu\u00e9s en <strong data-start=\"1569\" data-end=\"1582\">euros (\u20ac)<\/strong>, <strong data-start=\"1584\" data-end=\"1616\">toutes taxes comprises (TTC)<\/strong>, hors frais de livraison le cas \u00e9ch\u00e9ant.<\/p>\n<p data-start=\"1659\" data-end=\"1828\">L\u2019Association se r\u00e9serve le droit de modifier ses prix \u00e0 tout moment, \u00e9tant entendu que le prix appliqu\u00e9 sera celui en vigueur au moment de la validation de la commande.<\/p>\n<hr data-start=\"1830\" data-end=\"1833\" \/>\n<h2 data-start=\"1835\" data-end=\"1858\">Article 5 \u2013 Commande<\/h2>\n<p data-start=\"1860\" data-end=\"1947\">La commande est effectu\u00e9e via la boutique en ligne utilisant le module <strong data-start=\"1931\" data-end=\"1946\">WooCommerce<\/strong>.<\/p>\n<p data-start=\"1949\" data-end=\"1991\">Le client valide sa commande apr\u00e8s avoir :<\/p>\n<ul data-start=\"1992\" data-end=\"2091\">\n<li data-start=\"1992\" data-end=\"2025\">\n<p data-start=\"1994\" data-end=\"2025\">v\u00e9rifi\u00e9 le d\u00e9tail de celle-ci ;<\/p>\n<\/li>\n<li data-start=\"2026\" data-end=\"2068\">\n<p data-start=\"2028\" data-end=\"2068\">accept\u00e9 express\u00e9ment les pr\u00e9sentes CGV ;<\/p>\n<\/li>\n<li data-start=\"2069\" data-end=\"2091\">\n<p data-start=\"2071\" data-end=\"2091\">proc\u00e9d\u00e9 au paiement.<\/p>\n<\/li>\n<\/ul>\n<p data-start=\"2093\" data-end=\"2212\">La vente est consid\u00e9r\u00e9e comme d\u00e9finitive apr\u00e8s confirmation de la commande par l\u2019Association par courrier \u00e9lectronique.<\/p>\n<hr data-start=\"2214\" data-end=\"2217\" \/>\n<h2 data-start=\"2219\" data-end=\"2247\">Article 6 \u2013 Compte client<\/h2>\n<p data-start=\"2249\" data-end=\"2316\">La cr\u00e9ation d\u2019un compte client est n\u00e9cessaire pour passer commande.<\/p>\n<p data-start=\"2318\" data-end=\"2462\">Le client s\u2019engage \u00e0 fournir des informations exactes et \u00e0 les maintenir \u00e0 jour.<br data-start=\"2398\" data-end=\"2401\" \/>Il est seul responsable de l\u2019utilisation de ses identifiants.<\/p>\n<hr data-start=\"2464\" data-end=\"2467\" \/>\n<h2 data-start=\"2469\" data-end=\"2492\">Article 7 \u2013 Paiement<\/h2>\n<p data-start=\"2494\" data-end=\"2547\">Le paiement est exigible imm\u00e9diatement \u00e0 la commande.<\/p>\n<p data-start=\"2549\" data-end=\"2663\">Les moyens de paiement accept\u00e9s sont ceux propos\u00e9s sur le site (carte bancaire, paiement en ligne s\u00e9curis\u00e9, etc.).<\/p>\n<p data-start=\"2665\" data-end=\"2792\">Les paiements sont trait\u00e9s par des prestataires tiers s\u00e9curis\u00e9s.<br data-start=\"2729\" data-end=\"2732\" \/>L\u2019Association n\u2019a pas acc\u00e8s aux donn\u00e9es bancaires du client.<\/p>\n<hr data-start=\"2794\" data-end=\"2797\" \/>\n<h2 data-start=\"2799\" data-end=\"2823\">Article 8 \u2013 Livraison<\/h2>\n<p data-start=\"2825\" data-end=\"2905\">Les produits sont livr\u00e9s uniquement au dojo du club, aucune livraison ne sera effectu\u00e9e. Ceci afin de mieux g\u00e9rer les commandes et retours aupr\u00e8s des adh\u00e9rents.<\/p>\n<hr data-start=\"3153\" data-end=\"3156\" \/>\n<h2 data-start=\"3158\" data-end=\"3194\">Article 9 \u2013 Droit de r\u00e9tractation<\/h2>\n<p data-start=\"3196\" data-end=\"3429\">Conform\u00e9ment aux articles <strong data-start=\"3222\" data-end=\"3272\">L221-18 et suivants du Code de la consommation<\/strong>, le client dispose d\u2019un d\u00e9lai de <strong data-start=\"3306\" data-end=\"3318\">14 jours<\/strong> \u00e0 compter de la r\u00e9ception du produit pour exercer son droit de r\u00e9tractation, sans avoir \u00e0 motiver sa d\u00e9cision.<\/p>\n<p data-start=\"3431\" data-end=\"3478\">Les frais de retour sont \u00e0 la charge du client.<\/p>\n<p data-start=\"3480\" data-end=\"3524\">Le droit de r\u00e9tractation ne s\u2019applique pas :<\/p>\n<ul data-start=\"3525\" data-end=\"3761\">\n<li data-start=\"3525\" data-end=\"3599\">\n<p data-start=\"3527\" data-end=\"3599\">aux services pleinement ex\u00e9cut\u00e9s avant la fin du d\u00e9lai de r\u00e9tractation ;<\/p>\n<\/li>\n<li data-start=\"3600\" data-end=\"3682\">\n<p data-start=\"3602\" data-end=\"3682\">aux produits personnalis\u00e9s ou confectionn\u00e9s selon les sp\u00e9cifications du client ;<\/p>\n<\/li>\n<li data-start=\"3683\" data-end=\"3761\">\n<p data-start=\"3685\" data-end=\"3761\">aux produits descell\u00e9s ne pouvant \u00eatre retourn\u00e9s pour des raisons d\u2019hygi\u00e8ne.<\/p>\n<\/li>\n<\/ul>\n<hr data-start=\"3763\" data-end=\"3766\" \/>\n<h2 data-start=\"3768\" data-end=\"3807\">Article 10 \u2013 Retour et remboursement<\/h2>\n<p data-start=\"3809\" data-end=\"3870\">Les produits doivent \u00eatre retourn\u00e9s dans leur \u00e9tat d\u2019origine. Le retour peut se faire sur place d\u00e8s la remise si le produit n&rsquo;est pas conforme aux attentes des clients.<\/p>\n<p data-start=\"3872\" data-end=\"4025\">Le remboursement sera effectu\u00e9 dans un d\u00e9lai maximum de <strong data-start=\"3928\" data-end=\"3940\">14 jours<\/strong> \u00e0 compter de la r\u00e9ception des produits retourn\u00e9s ou de la preuve de leur exp\u00e9dition.<\/p>\n<hr data-start=\"4027\" data-end=\"4030\" \/>\n<h2 data-start=\"4032\" data-end=\"4065\">Article 11 \u2013 Garanties l\u00e9gales<\/h2>\n<p data-start=\"4067\" data-end=\"4093\">Les produits b\u00e9n\u00e9ficient :<\/p>\n<ul data-start=\"4094\" data-end=\"4282\">\n<li data-start=\"4094\" data-end=\"4194\">\n<p data-start=\"4096\" data-end=\"4194\">de la <strong data-start=\"4102\" data-end=\"4135\">garantie l\u00e9gale de conformit\u00e9<\/strong> (articles L217-3 et suivants du Code de la consommation) ;<\/p>\n<\/li>\n<li data-start=\"4195\" data-end=\"4282\">\n<p data-start=\"4197\" data-end=\"4282\">de la <strong data-start=\"4203\" data-end=\"4239\">garantie contre les vices cach\u00e9s<\/strong> (articles 1641 et suivants du Code civil).<\/p>\n<\/li>\n<\/ul>\n<p data-start=\"4284\" data-end=\"4394\">En cas de non-conformit\u00e9 ou de d\u00e9faut, le client peut demander le remplacement ou le remboursement du produit.<\/p>\n<hr data-start=\"4396\" data-end=\"4399\" \/>\n<h2 data-start=\"4401\" data-end=\"4431\">Article 12 \u2013 Responsabilit\u00e9<\/h2>\n<p data-start=\"4433\" data-end=\"4498\">La responsabilit\u00e9 de l\u2019Association ne saurait \u00eatre engag\u00e9e pour :<\/p>\n<ul data-start=\"4499\" data-end=\"4697\">\n<li data-start=\"4499\" data-end=\"4560\">\n<p data-start=\"4501\" data-end=\"4560\">des dommages indirects r\u00e9sultant de l\u2019utilisation du site ;<\/p>\n<\/li>\n<li data-start=\"4561\" data-end=\"4610\">\n<p data-start=\"4563\" data-end=\"4610\">une mauvaise utilisation des produits achet\u00e9s ;<\/p>\n<\/li>\n<li data-start=\"4611\" data-end=\"4697\">\n<p data-start=\"4613\" data-end=\"4697\">des dysfonctionnements li\u00e9s \u00e0 des services ou plugins tiers (notamment WooCommerce).<\/p>\n<\/li>\n<\/ul>\n<hr data-start=\"4699\" data-end=\"4702\" \/>\n<h2 data-start=\"4704\" data-end=\"4740\">Article 13 \u2013 Donn\u00e9es personnelles<\/h2>\n<p data-start=\"4742\" data-end=\"4858\">Les donn\u00e9es personnelles collect\u00e9es sont trait\u00e9es conform\u00e9ment au <strong data-start=\"4808\" data-end=\"4816\">RGPD<\/strong> et \u00e0 la <strong data-start=\"4825\" data-end=\"4857\">loi Informatique et Libert\u00e9s<\/strong>.<\/p>\n<p data-start=\"4860\" data-end=\"4953\">Les modalit\u00e9s de traitement sont d\u00e9taill\u00e9es dans la <strong data-start=\"4912\" data-end=\"4944\">Politique de confidentialit\u00e9<\/strong> du site.<\/p>\n<hr data-start=\"4955\" data-end=\"4958\" \/>\n<h2 data-start=\"4960\" data-end=\"5000\">Article 14 \u2013 Propri\u00e9t\u00e9 intellectuelle<\/h2>\n<p data-start=\"5002\" data-end=\"5152\">Tous les \u00e9l\u00e9ments du site sont prot\u00e9g\u00e9s par le droit de la propri\u00e9t\u00e9 intellectuelle.<br data-start=\"5086\" data-end=\"5089\" \/>Toute reproduction ou exploitation non autoris\u00e9e est interdite.<\/p>\n<hr data-start=\"5154\" data-end=\"5157\" \/>\n<h2 data-start=\"5159\" data-end=\"5202\">Article 15 \u2013 Droit applicable et litiges<\/h2>\n<p data-start=\"5204\" data-end=\"5258\">Les pr\u00e9sentes CGV sont soumises au <strong data-start=\"5239\" data-end=\"5257\">droit fran\u00e7ais<\/strong>.<\/p>\n<p data-start=\"5260\" data-end=\"5394\">En cas de litige, le client est invit\u00e9 \u00e0 rechercher une solution amiable.<br data-start=\"5333\" data-end=\"5336\" \/>\u00c0 d\u00e9faut, les tribunaux fran\u00e7ais comp\u00e9tents seront saisis.<\/p>\n<p data-start=\"5396\" data-end=\"5527\">Conform\u00e9ment \u00e0 l\u2019article L612-1 du Code de la consommation, le client peut recourir gratuitement \u00e0 un m\u00e9diateur de la consommation.<\/p>\n","protected":false},"excerpt":{"rendered":"<p>Article 1 \u2013 Objet Les pr\u00e9sentes Conditions G\u00e9n\u00e9rales de Vente (ci-apr\u00e8s \u00ab CGV \u00bb) r\u00e9gissent les ventes de produits et\/ou services r\u00e9alis\u00e9es via le site internet de l\u2019Association de Judo \u00ab\u00a0JUDO CLUB DU PLATEAU EST (JCPE76)\u00a0\u00bb aupr\u00e8s de clients consommateurs ou non-professionnels, au sens du droit fran\u00e7ais. Toute commande pass\u00e9e sur le site implique l\u2019acceptation [&hellip;]<\/p>\n","protected":false},"author":2,"featured_media":0,"parent":0,"menu_order":0,"comment_status":"closed","ping_status":"closed","template":"","meta":{"om_disable_all_campaigns":false,"_monsterinsights_skip_tracking":false,"_monsterinsights_sitenote_active":false,"_monsterinsights_sitenote_note":"","_monsterinsights_sitenote_category":0,"footnotes":""},"class_list":["post-104","page","type-page","status-publish","hentry"],"aioseo_notices":[],"_links":{"self":[{"href":"https:\/\/jcpe76.fr\/boutique\/wp-json\/wp\/v2\/pages\/104","targetHints":{"allow":["GET"]}}],"collection":[{"href":"https:\/\/jcpe76.fr\/boutique\/wp-json\/wp\/v2\/pages"}],"about":[{"href":"https:\/\/jcpe76.fr\/boutique\/wp-json\/wp\/v2\/types\/page"}],"author":[{"embeddable":true,"href":"https:\/\/jcpe76.fr\/boutique\/wp-json\/wp\/v2\/users\/2"}],"replies":[{"embeddable":true,"href":"https:\/\/jcpe76.fr\/boutique\/wp-json\/wp\/v2\/comments?post=104"}],"version-history":[{"count":5,"href":"https:\/\/jcpe76.fr\/boutique\/wp-json\/wp\/v2\/pages\/104\/revisions"}],"predecessor-version":[{"id":236,"href":"https:\/\/jcpe76.fr\/boutique\/wp-json\/wp\/v2\/pages\/104\/revisions\/236"}],"wp:attachment":[{"href":"https:\/\/jcpe76.fr\/boutique\/wp-json\/wp\/v2\/media?parent=104"}],"curies":[{"name":"wp","href":"https:\/\/api.w.org\/{rel}","templated":true}]}}