{"id":106,"date":"2026-02-08T18:24:06","date_gmt":"2026-02-08T17:24:06","guid":{"rendered":"https:\/\/jcpe76.fr\/boutique\/?page_id=106"},"modified":"2026-02-08T18:30:54","modified_gmt":"2026-02-08T17:30:54","slug":"politique-de-confidentialite-du-jcpe76-fr","status":"publish","type":"page","link":"https:\/\/jcpe76.fr\/boutique\/politique-de-confidentialite-du-jcpe76-fr\/","title":{"rendered":"Politique de confidentialit\u00e9"},"content":{"rendered":"<h2 data-start=\"395\" data-end=\"413\">1. Introduction<\/h2>\n<p data-start=\"415\" data-end=\"788\">La pr\u00e9sente politique de confidentialit\u00e9 a pour objectif d\u2019informer les utilisateurs du site de l\u2019Association de Judo \u00ab\u00a0JUDO CLUB DU PLATEAU EST (JCPE76) \u00a0\u00bb de la mani\u00e8re dont leurs donn\u00e9es personnelles sont collect\u00e9es, utilis\u00e9es et prot\u00e9g\u00e9es, conform\u00e9ment au <strong data-start=\"665\" data-end=\"737\">R\u00e8glement G\u00e9n\u00e9ral sur la Protection des Donn\u00e9es (RGPD \u2013 UE 2016\/679)<\/strong> et \u00e0 la <strong data-start=\"746\" data-end=\"787\">loi Informatique et Libert\u00e9s modifi\u00e9e<\/strong>.<\/p>\n<hr data-start=\"790\" data-end=\"793\" \/>\n<h2 data-start=\"795\" data-end=\"826\">2. Responsable du traitement<\/h2>\n<p data-start=\"828\" data-end=\"908\">Le responsable du traitement des donn\u00e9es personnelles est l\u2019Association de Judo.<\/p>\n<p data-start=\"910\" data-end=\"1024\">Les coordonn\u00e9es compl\u00e8tes du responsable du traitement sont disponibles dans la page <a href=\"https:\/\/jcpe76.fr\/boutique\/mentions-legales-du-site-jcpe76-fr\/\"><strong data-start=\"995\" data-end=\"1015\">Mentions l\u00e9gales<\/strong> <\/a>du site.<\/p>\n<hr data-start=\"1026\" data-end=\"1029\" \/>\n<h2 data-start=\"1031\" data-end=\"1068\">3. Donn\u00e9es personnelles collect\u00e9es<\/h2>\n<p data-start=\"1070\" data-end=\"1154\">Les donn\u00e9es personnelles susceptibles d\u2019\u00eatre collect\u00e9es sur le site sont notamment :<\/p>\n<h3 data-start=\"1156\" data-end=\"1210\">3.1 Donn\u00e9es fournies directement par l\u2019utilisateur<\/h3>\n<ul data-start=\"1211\" data-end=\"1373\">\n<li data-start=\"1211\" data-end=\"1228\">\n<p data-start=\"1213\" data-end=\"1228\">Nom et pr\u00e9nom<\/p>\n<\/li>\n<li data-start=\"1229\" data-end=\"1248\">\n<p data-start=\"1231\" data-end=\"1248\">Adresse postale<\/p>\n<\/li>\n<li data-start=\"1249\" data-end=\"1267\">\n<p data-start=\"1251\" data-end=\"1267\">Adresse e-mail<\/p>\n<\/li>\n<li data-start=\"1268\" data-end=\"1291\">\n<p data-start=\"1270\" data-end=\"1291\">Num\u00e9ro de t\u00e9l\u00e9phone<\/p>\n<\/li>\n<li data-start=\"1292\" data-end=\"1325\">\n<p data-start=\"1294\" data-end=\"1325\">Identifiants de compte client<\/p>\n<\/li>\n<li data-start=\"1326\" data-end=\"1373\">\n<p data-start=\"1328\" data-end=\"1373\">Informations de facturation et de livraison<\/p>\n<\/li>\n<\/ul>\n<h3 data-start=\"1375\" data-end=\"1417\">3.2 Donn\u00e9es collect\u00e9es automatiquement<\/h3>\n<ul data-start=\"1418\" data-end=\"1561\">\n<li data-start=\"1418\" data-end=\"1432\">\n<p data-start=\"1420\" data-end=\"1432\">Adresse IP<\/p>\n<\/li>\n<li data-start=\"1433\" data-end=\"1494\">\n<p data-start=\"1435\" data-end=\"1494\">Donn\u00e9es de navigation (pages consult\u00e9es, dur\u00e9e de visite)<\/p>\n<\/li>\n<li data-start=\"1495\" data-end=\"1539\">\n<p data-start=\"1497\" data-end=\"1539\">Donn\u00e9es de connexion et logs de s\u00e9curit\u00e9<\/p>\n<\/li>\n<li data-start=\"1540\" data-end=\"1561\">\n<p data-start=\"1542\" data-end=\"1561\">Cookies et traceurs<\/p>\n<\/li>\n<\/ul>\n<hr data-start=\"1563\" data-end=\"1566\" \/>\n<h2 data-start=\"1568\" data-end=\"1597\">4. Finalit\u00e9s du traitement<\/h2>\n<p data-start=\"1599\" data-end=\"1670\">Les donn\u00e9es personnelles sont collect\u00e9es pour les finalit\u00e9s suivantes :<\/p>\n<ul data-start=\"1671\" data-end=\"2011\">\n<li data-start=\"1671\" data-end=\"1707\">\n<p data-start=\"1673\" data-end=\"1707\">gestion des comptes utilisateurs ;<\/p>\n<\/li>\n<li data-start=\"1708\" data-end=\"1757\">\n<p data-start=\"1710\" data-end=\"1757\">traitement et suivi des commandes WooCommerce ;<\/p>\n<\/li>\n<li data-start=\"1758\" data-end=\"1797\">\n<p data-start=\"1760\" data-end=\"1797\">gestion des paiements et livraisons ;<\/p>\n<\/li>\n<li data-start=\"1798\" data-end=\"1845\">\n<p data-start=\"1800\" data-end=\"1845\">communication avec les adh\u00e9rents et clients ;<\/p>\n<\/li>\n<li data-start=\"1846\" data-end=\"1901\">\n<p data-start=\"1848\" data-end=\"1901\">gestion des demandes via les formulaires de contact ;<\/p>\n<\/li>\n<li data-start=\"1902\" data-end=\"1951\">\n<p data-start=\"1904\" data-end=\"1951\">respect des obligations l\u00e9gales et comptables ;<\/p>\n<\/li>\n<li data-start=\"1952\" data-end=\"2011\">\n<p data-start=\"1954\" data-end=\"2011\">am\u00e9lioration du fonctionnement et de la s\u00e9curit\u00e9 du site.<\/p>\n<\/li>\n<\/ul>\n<hr data-start=\"2013\" data-end=\"2016\" \/>\n<h2 data-start=\"2018\" data-end=\"2049\">5. Base l\u00e9gale du traitement<\/h2>\n<p data-start=\"2051\" data-end=\"2117\">Conform\u00e9ment \u00e0 l\u2019article 6 du RGPD, les traitements reposent sur :<\/p>\n<ul data-start=\"2118\" data-end=\"2362\">\n<li data-start=\"2118\" data-end=\"2177\">\n<p data-start=\"2120\" data-end=\"2177\">l\u2019ex\u00e9cution d\u2019un contrat (commande, cr\u00e9ation de compte) ;<\/p>\n<\/li>\n<li data-start=\"2178\" data-end=\"2214\">\n<p data-start=\"2180\" data-end=\"2214\">le respect d\u2019obligations l\u00e9gales ;<\/p>\n<\/li>\n<li data-start=\"2215\" data-end=\"2290\">\n<p data-start=\"2217\" data-end=\"2290\">le consentement de l\u2019utilisateur (cookies, communications facultatives) ;<\/p>\n<\/li>\n<li data-start=\"2291\" data-end=\"2362\">\n<p data-start=\"2293\" data-end=\"2362\">l\u2019int\u00e9r\u00eat l\u00e9gitime de l\u2019Association (s\u00e9curit\u00e9, am\u00e9lioration du site).<\/p>\n<\/li>\n<\/ul>\n<hr data-start=\"2364\" data-end=\"2367\" \/>\n<h2 data-start=\"2369\" data-end=\"2400\">6. Destinataires des donn\u00e9es<\/h2>\n<p data-start=\"2402\" data-end=\"2456\">Les donn\u00e9es personnelles sont accessibles uniquement :<\/p>\n<ul data-start=\"2457\" data-end=\"2680\">\n<li data-start=\"2457\" data-end=\"2499\">\n<p data-start=\"2459\" data-end=\"2499\">aux membres habilit\u00e9s de l\u2019Association ;<\/p>\n<\/li>\n<li data-start=\"2500\" data-end=\"2592\">\n<p data-start=\"2502\" data-end=\"2592\">aux prestataires techniques (h\u00e9bergeur, prestataires de paiement, services de livraison) ;<\/p>\n<\/li>\n<li data-start=\"2593\" data-end=\"2680\">\n<p data-start=\"2595\" data-end=\"2680\">aux outils int\u00e9gr\u00e9s \u00e0 WordPress et WooCommerce n\u00e9cessaires au fonctionnement du site.<\/p>\n<\/li>\n<\/ul>\n<p data-start=\"2682\" data-end=\"2769\">Les donn\u00e9es ne sont en aucun cas vendues ou c\u00e9d\u00e9es \u00e0 des tiers \u00e0 des fins commerciales.<\/p>\n<hr data-start=\"2771\" data-end=\"2774\" \/>\n<h2 data-start=\"2776\" data-end=\"2805\">7. H\u00e9bergement et s\u00e9curit\u00e9<\/h2>\n<p data-start=\"2807\" data-end=\"2919\">Le site est h\u00e9berg\u00e9 par un prestataire situ\u00e9 dans l\u2019Union europ\u00e9enne ou offrant des garanties conformes au RGPD.<\/p>\n<p data-start=\"2921\" data-end=\"3081\">L\u2019Association met en \u0153uvre des mesures techniques et organisationnelles appropri\u00e9es afin de garantir la s\u00e9curit\u00e9 et la confidentialit\u00e9 des donn\u00e9es personnelles.<\/p>\n<hr data-start=\"3083\" data-end=\"3086\" \/>\n<h2 data-start=\"3088\" data-end=\"3127\">8. Dur\u00e9e de conservation des donn\u00e9es<\/h2>\n<p data-start=\"3129\" data-end=\"3197\">Les donn\u00e9es personnelles sont conserv\u00e9es pour les dur\u00e9es suivantes :<\/p>\n<ul data-start=\"3198\" data-end=\"3427\">\n<li data-start=\"3198\" data-end=\"3248\">\n<p data-start=\"3200\" data-end=\"3248\">comptes clients : tant que le compte est actif ;<\/p>\n<\/li>\n<li data-start=\"3249\" data-end=\"3332\">\n<p data-start=\"3251\" data-end=\"3332\">donn\u00e9es de commande et de facturation : 10 ans (obligations l\u00e9gales comptables) ;<\/p>\n<\/li>\n<li data-start=\"3333\" data-end=\"3388\">\n<p data-start=\"3335\" data-end=\"3388\">donn\u00e9es de contact : 3 ans apr\u00e8s le dernier \u00e9change ;<\/p>\n<\/li>\n<li data-start=\"3389\" data-end=\"3427\">\n<p data-start=\"3391\" data-end=\"3427\">cookies : dur\u00e9e maximale de 13 mois.<\/p>\n<\/li>\n<\/ul>\n<hr data-start=\"3429\" data-end=\"3432\" \/>\n<h2 data-start=\"3434\" data-end=\"3447\">9. Cookies<\/h2>\n<p data-start=\"3449\" data-end=\"3581\">Le site utilise des cookies afin d\u2019am\u00e9liorer l\u2019exp\u00e9rience utilisateur et d\u2019assurer le bon fonctionnement de la boutique WooCommerce.<\/p>\n<p data-start=\"3583\" data-end=\"3714\">L\u2019utilisateur peut accepter ou refuser les cookies non essentiels via le bandeau de gestion des cookies lors de sa premi\u00e8re visite.<\/p>\n<p data-start=\"3716\" data-end=\"3827\">Pour plus d\u2019informations, l\u2019utilisateur est invit\u00e9 \u00e0 consulter la <a href=\"https:\/\/jcpe76.fr\/boutique\/politique-de-cookies-ue\/\"><strong data-start=\"3782\" data-end=\"3818\">Politique de gestion des cookies<\/strong><\/a> du site.<\/p>\n<hr data-start=\"3829\" data-end=\"3832\" \/>\n<h2 data-start=\"3834\" data-end=\"3864\">10. Droits des utilisateurs<\/h2>\n<p data-start=\"3866\" data-end=\"3931\">Conform\u00e9ment au RGPD, l\u2019utilisateur dispose des droits suivants :<\/p>\n<ul data-start=\"3932\" data-end=\"4105\">\n<li data-start=\"3932\" data-end=\"3949\">\n<p data-start=\"3934\" data-end=\"3949\">droit d\u2019acc\u00e8s ;<\/p>\n<\/li>\n<li data-start=\"3950\" data-end=\"3976\">\n<p data-start=\"3952\" data-end=\"3976\">droit de rectification ;<\/p>\n<\/li>\n<li data-start=\"3977\" data-end=\"4001\">\n<p data-start=\"3979\" data-end=\"4001\">droit \u00e0 l\u2019effacement ;<\/p>\n<\/li>\n<li data-start=\"4002\" data-end=\"4041\">\n<p data-start=\"4004\" data-end=\"4041\">droit \u00e0 la limitation du traitement ;<\/p>\n<\/li>\n<li data-start=\"4042\" data-end=\"4064\">\n<p data-start=\"4044\" data-end=\"4064\">droit d\u2019opposition ;<\/p>\n<\/li>\n<li data-start=\"4065\" data-end=\"4105\">\n<p data-start=\"4067\" data-end=\"4105\">droit \u00e0 la portabilit\u00e9 de ses donn\u00e9es.<\/p>\n<\/li>\n<\/ul>\n<p data-start=\"4107\" data-end=\"4223\">Ces droits peuvent \u00eatre exerc\u00e9s en contactant l\u2019Association via les coordonn\u00e9es indiqu\u00e9es dans les <a href=\"https:\/\/jcpe76.fr\/boutique\/mentions-legales-du-site-jcpe76-fr\/\">Mentions l\u00e9gales<\/a>.<\/p>\n<hr data-start=\"4225\" data-end=\"4228\" \/>\n<h2 data-start=\"4230\" data-end=\"4266\">11. R\u00e9clamation aupr\u00e8s de la CNIL<\/h2>\n<p data-start=\"4268\" data-end=\"4444\">Si l\u2019utilisateur estime que ses droits ne sont pas respect\u00e9s, il peut introduire une r\u00e9clamation aupr\u00e8s de la <strong data-start=\"4378\" data-end=\"4443\">Commission Nationale de l\u2019Informatique et des Libert\u00e9s (CNIL)<\/strong>.<\/p>\n<hr data-start=\"4446\" data-end=\"4449\" \/>\n<h2 data-start=\"4451\" data-end=\"4477\">12. Donn\u00e9es des mineurs<\/h2>\n<p data-start=\"4479\" data-end=\"4670\">Le site s\u2019adresse principalement \u00e0 des adultes.<br data-start=\"4526\" data-end=\"4529\" \/>Les donn\u00e9es concernant des mineurs (notamment dans le cadre d\u2019inscriptions sportives) sont collect\u00e9es avec l\u2019accord des repr\u00e9sentants l\u00e9gaux.<\/p>\n<hr data-start=\"4672\" data-end=\"4675\" \/>\n<h2 data-start=\"4677\" data-end=\"4731\">13. Modification de la politique de confidentialit\u00e9<\/h2>\n<p data-start=\"4733\" data-end=\"4896\">L\u2019Association se r\u00e9serve le droit de modifier la pr\u00e9sente politique de confidentialit\u00e9 \u00e0 tout moment afin de se conformer aux \u00e9volutions l\u00e9gales et r\u00e9glementaires.<\/p>\n<p data-start=\"4898\" data-end=\"4950\">La version en vigueur est celle publi\u00e9e sur le site.<\/p>\n<hr data-start=\"4952\" data-end=\"4955\" \/>\n<h2 data-start=\"4957\" data-end=\"4971\">14. Contact<\/h2>\n<p data-start=\"4973\" data-end=\"5145\">Pour toute question relative \u00e0 la protection des donn\u00e9es personnelles, l\u2019utilisateur peut contacter l\u2019Association via les coordonn\u00e9es mentionn\u00e9es dans les <a href=\"https:\/\/jcpe76.fr\/boutique\/mentions-legales-du-site-jcpe76-fr\/\">Mentions l\u00e9gales<\/a>.<\/p>\n","protected":false},"excerpt":{"rendered":"<p>1. Introduction La pr\u00e9sente politique de confidentialit\u00e9 a pour objectif d\u2019informer les utilisateurs du site de l\u2019Association de Judo \u00ab\u00a0JUDO CLUB DU PLATEAU EST (JCPE76) \u00a0\u00bb de la mani\u00e8re dont leurs donn\u00e9es personnelles sont collect\u00e9es, utilis\u00e9es et prot\u00e9g\u00e9es, conform\u00e9ment au R\u00e8glement G\u00e9n\u00e9ral sur la Protection des Donn\u00e9es (RGPD \u2013 UE 2016\/679) et \u00e0 la loi [&hellip;]<\/p>\n","protected":false},"author":2,"featured_media":0,"parent":0,"menu_order":0,"comment_status":"closed","ping_status":"closed","template":"","meta":{"om_disable_all_campaigns":false,"_monsterinsights_skip_tracking":false,"_monsterinsights_sitenote_active":false,"_monsterinsights_sitenote_note":"","_monsterinsights_sitenote_category":0,"footnotes":""},"class_list":["post-106","page","type-page","status-publish","hentry"],"aioseo_notices":[],"_links":{"self":[{"href":"https:\/\/jcpe76.fr\/boutique\/wp-json\/wp\/v2\/pages\/106","targetHints":{"allow":["GET"]}}],"collection":[{"href":"https:\/\/jcpe76.fr\/boutique\/wp-json\/wp\/v2\/pages"}],"about":[{"href":"https:\/\/jcpe76.fr\/boutique\/wp-json\/wp\/v2\/types\/page"}],"author":[{"embeddable":true,"href":"https:\/\/jcpe76.fr\/boutique\/wp-json\/wp\/v2\/users\/2"}],"replies":[{"embeddable":true,"href":"https:\/\/jcpe76.fr\/boutique\/wp-json\/wp\/v2\/comments?post=106"}],"version-history":[{"count":3,"href":"https:\/\/jcpe76.fr\/boutique\/wp-json\/wp\/v2\/pages\/106\/revisions"}],"predecessor-version":[{"id":238,"href":"https:\/\/jcpe76.fr\/boutique\/wp-json\/wp\/v2\/pages\/106\/revisions\/238"}],"wp:attachment":[{"href":"https:\/\/jcpe76.fr\/boutique\/wp-json\/wp\/v2\/media?parent=106"}],"curies":[{"name":"wp","href":"https:\/\/api.w.org\/{rel}","templated":true}]}}